{"id":2,"date":"2023-06-22T08:04:51","date_gmt":"2023-06-22T08:04:51","guid":{"rendered":"https:\/\/neuroedubrasil.com\/2023\/?page_id=2"},"modified":"2023-07-05T13:19:12","modified_gmt":"2023-07-05T13:19:12","slug":"pagina-exemplo","status":"publish","type":"page","link":"https:\/\/neuroedubrasil.com\/2023\/","title":{"rendered":""},"content":{"rendered":"\n<div class=\"wp-block-columns is-layout-flex wp-container-core-columns-is-layout-9d6595d7 wp-block-columns-is-layout-flex\">\n<div class=\"wp-block-column is-layout-flow wp-block-column-is-layout-flow\" style=\"flex-basis:60%\">\n<h1>Bem-vindo ao NeuroEdu23<\/h1>\n<p style=\"text-align:justify; text-justify: inter-word;\">Educar de maneira humanista \u00e9 promover a democratiza\u00e7\u00e3o do conhecimento com \u00eanfase no processo da aprendizagem inclusiva e na forma\u00e7\u00e3o para a vida. O objetivo deste encontro \u00e9 divulgar conhecimento cient\u00edfico no&nbsp;contexto da neuroeduca\u00e7\u00e3o, buscando aprimorar a forma\u00e7\u00e3o do indiv\u00edduo para o enfrentamento dos desafios socioeducativos e acad\u00eamicos.<\/p>\n<\/div>\n\n\n\n<div class=\"wp-block-column is-layout-flow wp-block-column-is-layout-flow\" style=\"flex-basis:5%\"><\/div>\n\n\n\n<div class=\"wp-block-column is-layout-flow wp-block-column-is-layout-flow\" style=\"flex-basis:33.33%\">\n<figure class=\"wp-block-image size-large is-resized\"><img loading=\"lazy\" decoding=\"async\" src=\"https:\/\/neuroedubrasil.com\/2023\/wp-content\/uploads\/2023\/06\/logoFinalArt-1024x376.png\" alt=\"\" class=\"wp-image-281\" width=\"525\" height=\"192\" srcset=\"https:\/\/neuroedubrasil.com\/2023\/wp-content\/uploads\/2023\/06\/logoFinalArt-1024x376.png 1024w, https:\/\/neuroedubrasil.com\/2023\/wp-content\/uploads\/2023\/06\/logoFinalArt-300x110.png 300w, https:\/\/neuroedubrasil.com\/2023\/wp-content\/uploads\/2023\/06\/logoFinalArt-768x282.png 768w, https:\/\/neuroedubrasil.com\/2023\/wp-content\/uploads\/2023\/06\/logoFinalArt.png 1171w\" sizes=\"auto, (max-width: 525px) 100vw, 525px\" \/><\/figure>\n<\/div>\n<\/div>\n\n\n\n<h2 class=\"wp-block-heading\">Mensagem da Presidente<\/h2>\n\n\n\n<div class=\"wp-block-group\"><div class=\"wp-block-group__inner-container is-layout-constrained wp-block-group-is-layout-constrained\">\n<div class=\"wp-block-group\"><div class=\"wp-block-group__inner-container is-layout-constrained wp-block-group-is-layout-constrained\">\n<p style=\"text-align:justify; text-justify: inter-word;\"><img decoding=\"async\" class=\"wp-image-212\" style=\"width: 150px;float: left;margin: 5px;\" src=\"https:\/\/neuroedubrasil.com\/2023\/wp-content\/uploads\/2023\/06\/liliali.jpg\" alt=\"L\u00edlia de Souza Li\">Sejam bem-vindes ao 9<sup>o<\/sup> Neuroedu. Preparamos esse Neuroedu com muito carinho pensando em professores, educadores e estudante interessados na neuroeduca\u00e7\u00e3o. O tema desse congresso s\u00e3o as habilidades socioemocionais na escola e foi escolhido porque, com a pandemia que deixou marcas profundas em nossas vidas e na escola, os desafios pedag\u00f3gicos aumentaram e dificuldades socioemocionais ficaram mais vis\u00edveis. Pensando em refletir sobre este tema o 9<sup>o<\/sup> Neuroedu traz este debate, a fim de auxiliar educadores nos desafios que enfrentam em sala de aula e no ambiente escolar.<\/p>\n\n\n\n<p style=\"text-align:justify; text-justify: inter-word;\">Come\u00e7amos com a apresenta\u00e7\u00e3o da professora Alessandra Gaidargi discutindo o conceito de cultura de paz, um processo ativo e constante de cuidado de todos. Em seguida apresentaremos a experi\u00eancia das Mandalas das Emo\u00e7\u00f5es\u00ae e como esse m\u00e9todo apoiou os professores e seus alunos a lidar com as emo\u00e7\u00f5es e dificuldades na cidade de Salto.<\/p>\n\n\n\n<p style=\"text-align:justify; text-justify: inter-word;\">Convidamos os participantes tamb\u00e9m a trazer para este 9<sup>o<\/sup> Neuroedu suas experi\u00eancias e\/ou pesquisas em forma de resumos de trabalhos, para compartilhar e inspirar outros colegas.<\/p>\n\n\n\n<p style=\"text-align:justify; text-justify: inter-word;\">A tarde vamos dialogar sobre outro tema que tem assustado e preocupado muito a comunidade escolar: a viol\u00eancia dentro das escolas. Para debater esse tema convidamos o promotor de justi\u00e7a da vara da inf\u00e2ncia e adolesc\u00eancia Dr. Rodrigo Oliveira, a professora Telma Vinha pesquisadora do tema e a professora Alessandra Gaidargi.<\/p>\n\n\n\n<p style=\"text-align:justify; text-justify: inter-word;\">E neste ano teremos uma novidade: um curso pr\u00e9-congresso (online e \u00e0 dist\u00e2ncia) sobre o uso de ferramentas l\u00fadicas na sala de aula. Ser\u00e1 uma oportunidade de viajar ao mundo da fantasia t\u00e3o comum aos alunos e ter uma experi\u00eancia divertida de como utilizar a ludicidade como recurso did\u00e1tico com alunos de ensino fundamental e m\u00e9dio.<\/p>\n\n\n\n<p style=\"text-align:justify; text-justify: inter-word;\">O congresso ser\u00e1 h\u00edbrido, a participa\u00e7\u00e3o pode acontecer online ou presencialmente, junto conosco no Centro de Conven\u00e7\u00f5es da UNICAMP.<\/p>\n\n\n\n<p style=\"text-align:justify; text-justify: inter-word;\">As inscri\u00e7\u00f5es s\u00e3o obrigat\u00f3rias e gratuitas. Convidamos todos a doarem livros usados em bom estado para o projeto, Incentivando leitura da Caravana da Sa\u00fade da ONG ASPE.<\/p>\n\n\n\n<p><strong><strong>L\u00edlia de Souza Li<\/strong>, MD PhD<\/strong><br><strong>Professora Livre Docente da Unicamp, m\u00e9dica, neurocientista e educadora<\/strong><\/p>\n<\/div><\/div>\n<\/div><\/div>\n","protected":false},"excerpt":{"rendered":"<p>Bem-vindo ao NeuroEdu23 Educar de maneira humanista \u00e9 promover a democratiza\u00e7\u00e3o do conhecimento com \u00eanfase no processo da aprendizagem inclusiva e na forma\u00e7\u00e3o para a vida. O objetivo deste encontro \u00e9 divulgar conhecimento cient\u00edfico no&nbsp;contexto da neuroeduca\u00e7\u00e3o, buscando aprimorar a forma\u00e7\u00e3o do indiv\u00edduo para o enfrentamento dos desafios socioeducativos e acad\u00eamicos. Mensagem da Presidente Sejam [&hellip;]<\/p>\n","protected":false},"author":1,"featured_media":0,"parent":0,"menu_order":0,"comment_status":"closed","ping_status":"open","template":"","meta":{"footnotes":""},"class_list":["post-2","page","type-page","status-publish","hentry"],"_links":{"self":[{"href":"https:\/\/neuroedubrasil.com\/2023\/wp-json\/wp\/v2\/pages\/2","targetHints":{"allow":["GET"]}}],"collection":[{"href":"https:\/\/neuroedubrasil.com\/2023\/wp-json\/wp\/v2\/pages"}],"about":[{"href":"https:\/\/neuroedubrasil.com\/2023\/wp-json\/wp\/v2\/types\/page"}],"author":[{"embeddable":true,"href":"https:\/\/neuroedubrasil.com\/2023\/wp-json\/wp\/v2\/users\/1"}],"replies":[{"embeddable":true,"href":"https:\/\/neuroedubrasil.com\/2023\/wp-json\/wp\/v2\/comments?post=2"}],"version-history":[{"count":51,"href":"https:\/\/neuroedubrasil.com\/2023\/wp-json\/wp\/v2\/pages\/2\/revisions"}],"predecessor-version":[{"id":391,"href":"https:\/\/neuroedubrasil.com\/2023\/wp-json\/wp\/v2\/pages\/2\/revisions\/391"}],"wp:attachment":[{"href":"https:\/\/neuroedubrasil.com\/2023\/wp-json\/wp\/v2\/media?parent=2"}],"curies":[{"name":"wp","href":"https:\/\/api.w.org\/{rel}","templated":true}]}}

<div class="wp-block-columns is-layout-flex wp-container-core-columns-is-layout-9d6595d7 wp-block-columns-is-layout-flex">
<div class="wp-block-column is-layout-flow wp-block-column-is-layout-flow" style="flex-basis:60%">
<h1>Bem-vindo ao NeuroEdu23</h1>
<p style="text-align:justify; text-justify: inter-word;">Educar de maneira humanista é promover a democratização do conhecimento com ênfase no processo da aprendizagem inclusiva e na formação para a vida. O objetivo deste encontro é divulgar conhecimento científico no&nbsp;contexto da neuroeducação, buscando aprimorar a formação do indivíduo para o enfrentamento dos desafios socioeducativos e acadêmicos.</p>
</div>



<div class="wp-block-column is-layout-flow wp-block-column-is-layout-flow" style="flex-basis:5%"></div>



<div class="wp-block-column is-layout-flow wp-block-column-is-layout-flow" style="flex-basis:33.33%">
<figure class="wp-block-image size-large is-resized"><img loading="lazy" decoding="async" src="https://neuroedubrasil.com/2023/wp-content/uploads/2023/06/logoFinalArt-1024x376.png" alt="" class="wp-image-281" width="525" height="192" srcset="https://neuroedubrasil.com/2023/wp-content/uploads/2023/06/logoFinalArt-1024x376.png 1024w, https://neuroedubrasil.com/2023/wp-content/uploads/2023/06/logoFinalArt-300x110.png 300w, https://neuroedubrasil.com/2023/wp-content/uploads/2023/06/logoFinalArt-768x282.png 768w, https://neuroedubrasil.com/2023/wp-content/uploads/2023/06/logoFinalArt.png 1171w" sizes="auto, (max-width: 525px) 100vw, 525px" /></figure>
</div>
</div>



<h2 class="wp-block-heading">Mensagem da Presidente</h2>



<div class="wp-block-group"><div class="wp-block-group__inner-container is-layout-constrained wp-block-group-is-layout-constrained">
<div class="wp-block-group"><div class="wp-block-group__inner-container is-layout-constrained wp-block-group-is-layout-constrained">
<p style="text-align:justify; text-justify: inter-word;"><img decoding="async" class="wp-image-212" style="width: 150px;float: left;margin: 5px;" src="https://neuroedubrasil.com/2023/wp-content/uploads/2023/06/liliali.jpg" alt="Lília de Souza Li">Sejam bem-vindes ao 9<sup>o</sup> Neuroedu. Preparamos esse Neuroedu com muito carinho pensando em professores, educadores e estudante interessados na neuroeducação. O tema desse congresso são as habilidades socioemocionais na escola e foi escolhido porque, com a pandemia que deixou marcas profundas em nossas vidas e na escola, os desafios pedagógicos aumentaram e dificuldades socioemocionais ficaram mais visíveis. Pensando em refletir sobre este tema o 9<sup>o</sup> Neuroedu traz este debate, a fim de auxiliar educadores nos desafios que enfrentam em sala de aula e no ambiente escolar.</p>



<p style="text-align:justify; text-justify: inter-word;">Começamos com a apresentação da professora Alessandra Gaidargi discutindo o conceito de cultura de paz, um processo ativo e constante de cuidado de todos. Em seguida apresentaremos a experiência das Mandalas das Emoções® e como esse método apoiou os professores e seus alunos a lidar com as emoções e dificuldades na cidade de Salto.</p>



<p style="text-align:justify; text-justify: inter-word;">Convidamos os participantes também a trazer para este 9<sup>o</sup> Neuroedu suas experiências e/ou pesquisas em forma de resumos de trabalhos, para compartilhar e inspirar outros colegas.</p>



<p style="text-align:justify; text-justify: inter-word;">A tarde vamos dialogar sobre outro tema que tem assustado e preocupado muito a comunidade escolar: a violência dentro das escolas. Para debater esse tema convidamos o promotor de justiça da vara da infância e adolescência Dr. Rodrigo Oliveira, a professora Telma Vinha pesquisadora do tema e a professora Alessandra Gaidargi.</p>



<p style="text-align:justify; text-justify: inter-word;">E neste ano teremos uma novidade: um curso pré-congresso (online e à distância) sobre o uso de ferramentas lúdicas na sala de aula. Será uma oportunidade de viajar ao mundo da fantasia tão comum aos alunos e ter uma experiência divertida de como utilizar a ludicidade como recurso didático com alunos de ensino fundamental e médio.</p>



<p style="text-align:justify; text-justify: inter-word;">O congresso será híbrido, a participação pode acontecer online ou presencialmente, junto conosco no Centro de Convenções da UNICAMP.</p>



<p style="text-align:justify; text-justify: inter-word;">As inscrições são obrigatórias e gratuitas. Convidamos todos a doarem livros usados em bom estado para o projeto, Incentivando leitura da Caravana da Saúde da ONG ASPE.</p>



<p><strong><strong>Lília de Souza Li</strong>, MD PhD</strong><br><strong>Professora Livre Docente da Unicamp, médica, neurocientista e educadora</strong></p>
</div></div>
</div></div>

<p>Bem-vindo ao NeuroEdu23 Educar de maneira humanista é promover a democratização do conhecimento com ênfase no processo da aprendizagem inclusiva e na formação para a vida. O objetivo deste encontro é divulgar conhecimento científico no&nbsp;contexto da neuroeducação, buscando aprimorar a formação do indivíduo para o enfrentamento dos desafios socioeducativos e acadêmicos. Mensagem da Presidente Sejam [&hellip;]</p>
