{"id":108,"date":"2025-07-10T09:39:58","date_gmt":"2025-07-10T12:39:58","guid":{"rendered":"https:\/\/neuroedubrasil.com\/2025\/?page_id=108"},"modified":"2025-07-15T05:02:33","modified_gmt":"2025-07-15T08:02:33","slug":"108-2","status":"publish","type":"page","link":"https:\/\/neuroedubrasil.com\/2025\/108-2\/","title":{"rendered":"<div style=\"text-align:left;\">   <span style=\"color:#fff; font-size:22px; line-height:1.4;\">     Cren\u00e7as em NeuroMitos e ferramentas de Intelig\u00eancia artificial no combate \u00e0 desinforma\u00e7\u00e3o<br>     Efeitos de Uso de M\u00eddia e Crise Clim\u00e1tica no Neurodesenvolvimento e Aprendizagem   <\/span> <\/div>"},"content":{"rendered":"<div style=\"width:100%;font-family:Arial,sans-serif;line-height:1.6;color:#333;padding:40px 20px;background-color:#f9f9f9;border-radius:8px;box-shadow:0 0 10px rgba(0,0,0,0.1);\">\n<h1 style=\"color:#002244;font-size:32px;margin-bottom:10px;\">Informa\u00e7\u00f5es sobre o Local e Inscri\u00e7\u00f5es<\/h1>\n<p style=\"font-size:16px;\">\n    O <strong>NeuroEdu 25<\/strong> ter\u00e1 lugar no <strong>Centro de Conven\u00e7\u00f5es da Universidade Estadual de Campinas<\/strong>, no endere\u00e7o:<br \/>\n    <em>Avenida \u00c9rico Ver\u00edssimo, 500<br \/>\n    Cidade Universit\u00e1ria, Zeferino Vaz \u2013 Bar\u00e3o Geraldo<br \/>\n    Campinas \u2013 SP, 13083-851<\/em><br \/>\n    <a href=\"http:\/\/bit.ly\/centrodeconvencoesUnicamp\" target=\"_blank\" style=\"color:#0066cc;text-decoration:underline;\">http:\/\/bit.ly\/centrodeconvencoesUnicamp<\/a>\n  <\/p>\n<p style=\"font-size:16px;\">\n    As <strong>inscri\u00e7\u00f5es s\u00e3o obrigat\u00f3rias e gratuitas<\/strong>. Convidamos todos a <strong>doarem livros usados em bom estado<\/strong> para o projeto <em>Incentivando Leitura<\/em>, da Caravana da Sa\u00fade da ONG ASPE.\n  <\/p>\n<p style=\"font-size:16px;\">\n    Para se inscrever, acesse o seguinte site e preencha as informa\u00e7\u00f5es:\n  <\/p>\n<div style=\"margin-top:30px; text-align:left;\">\n  <a href=\"https:\/\/www.even3.com.br\/10-neuroedu-2025-605283\/\" style=\"background-color:#0066cc; color:#fff; padding:12px 24px; font-size:16px; font-weight:bold; text-decoration:none; border-radius:6px; box-shadow:0 4px 6px rgba(0,0,0,0.1); display:inline-block; line-height:1; margin:0;\"><br \/>\n    Inscreva-se<br \/>\n  <\/a>\n<\/div>\n<\/div>\n","protected":false},"excerpt":{"rendered":"<p>Informa\u00e7\u00f5es sobre o Local e Inscri\u00e7\u00f5es O NeuroEdu 25 ter\u00e1 lugar no Centro de Conven\u00e7\u00f5es da Universidade Estadual de Campinas, no endere\u00e7o: Avenida \u00c9rico Ver\u00edssimo, 500 Cidade Universit\u00e1ria, Zeferino Vaz&#8230;<\/p>\n","protected":false},"author":1,"featured_media":0,"parent":0,"menu_order":0,"comment_status":"closed","ping_status":"closed","template":"","meta":{"_kadence_starter_templates_imported_post":false,"_kad_post_transparent":"","_kad_post_title":"","_kad_post_layout":"","_kad_post_sidebar_id":"","_kad_post_content_style":"","_kad_post_vertical_padding":"","_kad_post_feature":"","_kad_post_feature_position":"","_kad_post_header":false,"_kad_post_footer":false,"footnotes":""},"class_list":["post-108","page","type-page","status-publish","hentry"],"_links":{"self":[{"href":"https:\/\/neuroedubrasil.com\/2025\/wp-json\/wp\/v2\/pages\/108","targetHints":{"allow":["GET"]}}],"collection":[{"href":"https:\/\/neuroedubrasil.com\/2025\/wp-json\/wp\/v2\/pages"}],"about":[{"href":"https:\/\/neuroedubrasil.com\/2025\/wp-json\/wp\/v2\/types\/page"}],"author":[{"embeddable":true,"href":"https:\/\/neuroedubrasil.com\/2025\/wp-json\/wp\/v2\/users\/1"}],"replies":[{"embeddable":true,"href":"https:\/\/neuroedubrasil.com\/2025\/wp-json\/wp\/v2\/comments?post=108"}],"version-history":[{"count":17,"href":"https:\/\/neuroedubrasil.com\/2025\/wp-json\/wp\/v2\/pages\/108\/revisions"}],"predecessor-version":[{"id":189,"href":"https:\/\/neuroedubrasil.com\/2025\/wp-json\/wp\/v2\/pages\/108\/revisions\/189"}],"wp:attachment":[{"href":"https:\/\/neuroedubrasil.com\/2025\/wp-json\/wp\/v2\/media?parent=108"}],"curies":[{"name":"wp","href":"https:\/\/api.w.org\/{rel}","templated":true}]}}

<div style="text-align:left;">   <span style="color:#fff; font-size:22px; line-height:1.4;">     Crenças em NeuroMitos e ferramentas de Inteligência artificial no combate à desinformação<br>     Efeitos de Uso de Mídia e Crise Climática no Neurodesenvolvimento e Aprendizagem   </span> </div>

<div style="width:100%;font-family:Arial,sans-serif;line-height:1.6;color:#333;padding:40px 20px;background-color:#f9f9f9;border-radius:8px;box-shadow:0 0 10px rgba(0,0,0,0.1);">
<h1 style="color:#002244;font-size:32px;margin-bottom:10px;">Informações sobre o Local e Inscrições</h1>
<p style="font-size:16px;">
    O <strong>NeuroEdu 25</strong> terá lugar no <strong>Centro de Convenções da Universidade Estadual de Campinas</strong>, no endereço:<br />
    <em>Avenida Érico Veríssimo, 500<br />
    Cidade Universitária, Zeferino Vaz – Barão Geraldo<br />
    Campinas – SP, 13083-851</em><br />
    <a href="http://bit.ly/centrodeconvencoesUnicamp" target="_blank" style="color:#0066cc;text-decoration:underline;">http://bit.ly/centrodeconvencoesUnicamp</a>
  </p>
<p style="font-size:16px;">
    As <strong>inscrições são obrigatórias e gratuitas</strong>. Convidamos todos a <strong>doarem livros usados em bom estado</strong> para o projeto <em>Incentivando Leitura</em>, da Caravana da Saúde da ONG ASPE.
  </p>
<p style="font-size:16px;">
    Para se inscrever, acesse o seguinte site e preencha as informações:
  </p>
<div style="margin-top:30px; text-align:left;">
  <a href="https://www.even3.com.br/10-neuroedu-2025-605283/" style="background-color:#0066cc; color:#fff; padding:12px 24px; font-size:16px; font-weight:bold; text-decoration:none; border-radius:6px; box-shadow:0 4px 6px rgba(0,0,0,0.1); display:inline-block; line-height:1; margin:0;"><br />
    Inscreva-se<br />
  </a>
</div>
</div>

<p>Informações sobre o Local e Inscrições O NeuroEdu 25 terá lugar no Centro de Convenções da Universidade Estadual de Campinas, no endereço: Avenida Érico Veríssimo, 500 Cidade Universitária, Zeferino Vaz&#8230;</p>
