{"id":142,"date":"2025-07-10T10:11:26","date_gmt":"2025-07-10T13:11:26","guid":{"rendered":"https:\/\/neuroedubrasil.com\/2025\/?page_id=142"},"modified":"2025-07-28T04:36:00","modified_gmt":"2025-07-28T07:36:00","slug":"crencas-em-neuromitos-e-ferramentas-de-inteligencia-artificial-no-combate-a-desinformacao-efeitos-de-uso-de-midia-e-crise-climatica-no-neurodesenvolvimento-e-aprendizagem-2","status":"publish","type":"page","link":"https:\/\/neuroedubrasil.com\/2025\/crencas-em-neuromitos-e-ferramentas-de-inteligencia-artificial-no-combate-a-desinformacao-efeitos-de-uso-de-midia-e-crise-climatica-no-neurodesenvolvimento-e-aprendizagem-2\/","title":{"rendered":"<div style=\"text-align:left;\">   <span style=\"color:#fff; font-size:22px; line-height:1.4;\">     Cren\u00e7as em NeuroMitos e ferramentas de Intelig\u00eancia artificial no combate \u00e0 desinforma\u00e7\u00e3o<br>     Efeitos de Uso de M\u00eddia e Crise Clim\u00e1tica no Neurodesenvolvimento e Aprendizagem   <\/span> <\/div>"},"content":{"rendered":"<div style=\"width:100%;font-family:Arial,sans-serif;line-height:1.6;color:#333;padding:40px 20px;background-color:#f9f9f9;border-radius:8px;box-shadow:0 0 10px rgba(0,0,0,0.1);\">\n<h1 style=\"color:#002244;font-size:28px;margin-bottom:20px;\">Submiss\u00e3o de Resumos<\/h1>\n<p style=\"font-size:16px;\">\n    Convidamos voc\u00ea a <strong>submeter resumos<\/strong> que podem ser <em>relatos de suas experi\u00eancias, estudos de casos e\/ou pesquisas<\/em>.\n  <\/p>\n<p style=\"font-size:16px;\">\n    O resumo deve ser em <strong>uma p\u00e1gina A4<\/strong> utilizando o modelo a ser baixado aqui:<br \/>\n    <a href=\"https:\/\/neuroedubrasil.com\/2025\/wp-content\/uploads\/2025\/07\/NeuroEdu2025resumo.docx\" style=\"color:#0066cc;text-decoration:underline;\">NeuroEdu2025.docx<\/a>.<br \/>\n    <br \/>\n    <strong>Resumos fora deste padr\u00e3o n\u00e3o ser\u00e3o aceitos.<\/strong>\n  <\/p>\n<p style=\"font-size:16px;\">\n    A avalia\u00e7\u00e3o ser\u00e1 realizada por uma comiss\u00e3o cient\u00edfica e todos os trabalhos aprovados ser\u00e3o apresentados no formato de <strong>p\u00f4ster<\/strong>.<br \/>\n    <br \/>\n    <strong>Data limite de submiss\u00e3o:<\/strong> 10 de agosto de 2025.\n  <\/p>\n<p style=\"font-size:16px;\">\n    O resumo deve ser enviado para o e-mail:<br \/>\n    <a href=\"mailto:congressoneuroedu@gmail.com\" style=\"color:#0066cc;text-decoration:underline;\">congressoneuroedu@gmail.com<\/a>\n  <\/p>\n<h2 style=\"color:#002244;font-size:22px;margin-top:30px;\">Escreva nos campos do e-mail:<\/h2>\n<p style=\"font-size:16px;\">\n    <strong>Assunto:<\/strong> \u201cResumo 10 NeuroEdu\u201d\n  <\/p>\n<p style=\"font-size:16px;\"><strong>No corpo do e-mail:<\/strong><\/p>\n<ul style=\"font-size:16px; padding-left:20px;\">\n<li>O t\u00edtulo do resumo<\/li>\n<li>Colocar o seu nome completo<\/li>\n<li>A sua institui\u00e7\u00e3o<\/li>\n<li>Celular de contato<\/li>\n<li>Endere\u00e7o postal<\/li>\n<li>A prefer\u00eancia de modo de apresenta\u00e7\u00e3o: P\u00f4ster ou Oral<\/li>\n<\/ul>\n<p style=\"font-size:16px;color:#aa0000;\"><strong>IMPORTANTE:<\/strong> Anexar o resumo!<\/p>\n<h2 style=\"color:#002244;font-size:22px;margin-top:30px;\">Confec\u00e7\u00e3o do P\u00f4ster<\/h2>\n<p style=\"font-size:16px;\">\n    O p\u00f4ster deve ter dimens\u00e3o de <strong>90\u2013100 cm de largura<\/strong> por <strong>100\u2013120 cm de altura<\/strong>, confeccionado em lona com canaletas nas partes superior e inferior.\n  <\/p>\n<p style=\"font-size:16px;\">\n    Na parte superior, deve ter <strong>cordinha para ser pendurado no pedestal<\/strong>. O p\u00f4ster deve conter:\n  <\/p>\n<ul style=\"font-size:16px; padding-left:20px;\">\n<li>T\u00edtulo<\/li>\n<li>Nome dos autores e filia\u00e7\u00e3o na parte superior<\/li>\n<li>Texto que possa ser lido a pelo menos 1,5 metro de dist\u00e2ncia<\/li>\n<li>Elementos visuais que facilitem a apresenta\u00e7\u00e3o<\/li>\n<\/ul>\n<p style=\"font-size:16px;\">\n    <strong style=\"color:#aa0000;\">N\u00e3o recomendamos<\/strong> copiar todo o resumo e simplesmente col\u00e1-lo no p\u00f4ster.\n  <\/p>\n<\/div>\n","protected":false},"excerpt":{"rendered":"<p>Submiss\u00e3o de Resumos Convidamos voc\u00ea a submeter resumos que podem ser relatos de suas experi\u00eancias, estudos de casos e\/ou pesquisas. O resumo deve ser em uma p\u00e1gina A4 utilizando o&#8230;<\/p>\n","protected":false},"author":1,"featured_media":0,"parent":0,"menu_order":0,"comment_status":"closed","ping_status":"closed","template":"","meta":{"_kadence_starter_templates_imported_post":false,"_kad_post_transparent":"","_kad_post_title":"","_kad_post_layout":"","_kad_post_sidebar_id":"","_kad_post_content_style":"","_kad_post_vertical_padding":"","_kad_post_feature":"","_kad_post_feature_position":"","_kad_post_header":false,"_kad_post_footer":false,"footnotes":""},"class_list":["post-142","page","type-page","status-publish","hentry"],"_links":{"self":[{"href":"https:\/\/neuroedubrasil.com\/2025\/wp-json\/wp\/v2\/pages\/142","targetHints":{"allow":["GET"]}}],"collection":[{"href":"https:\/\/neuroedubrasil.com\/2025\/wp-json\/wp\/v2\/pages"}],"about":[{"href":"https:\/\/neuroedubrasil.com\/2025\/wp-json\/wp\/v2\/types\/page"}],"author":[{"embeddable":true,"href":"https:\/\/neuroedubrasil.com\/2025\/wp-json\/wp\/v2\/users\/1"}],"replies":[{"embeddable":true,"href":"https:\/\/neuroedubrasil.com\/2025\/wp-json\/wp\/v2\/comments?post=142"}],"version-history":[{"count":8,"href":"https:\/\/neuroedubrasil.com\/2025\/wp-json\/wp\/v2\/pages\/142\/revisions"}],"predecessor-version":[{"id":192,"href":"https:\/\/neuroedubrasil.com\/2025\/wp-json\/wp\/v2\/pages\/142\/revisions\/192"}],"wp:attachment":[{"href":"https:\/\/neuroedubrasil.com\/2025\/wp-json\/wp\/v2\/media?parent=142"}],"curies":[{"name":"wp","href":"https:\/\/api.w.org\/{rel}","templated":true}]}}