{"id":2,"date":"2025-06-30T09:41:40","date_gmt":"2025-06-30T12:41:40","guid":{"rendered":"https:\/\/neuroedubrasil.com\/2025\/?page_id=2"},"modified":"2025-07-10T10:35:41","modified_gmt":"2025-07-10T13:35:41","slug":"pagina-exemplo","status":"publish","type":"page","link":"https:\/\/neuroedubrasil.com\/2025\/","title":{"rendered":"<div style=\"text-align:left;\">   <span style=\"color:#fff; font-size:22px; line-height:1.4;\">     Cren\u00e7as em NeuroMitos e ferramentas de Intelig\u00eancia artificial no combate \u00e0 desinforma\u00e7\u00e3o<br>     Efeitos de Uso de M\u00eddia e Crise Clim\u00e1tica no Neurodesenvolvimento e Aprendizagem   <\/span> <\/div>"},"content":{"rendered":"<div style=\"width:100%;font-family:Arial,sans-serif;line-height:1.6;color:#333;padding:40px 20px;background-color:#f9f9f9;border-radius:8px;box-shadow:0 0 10px rgba(0,0,0,0.1);\">\n<h1 style=\"color:#002244;font-size:32px;margin-bottom:10px;\">Bem-vindo ao NeuroEdu25<\/h1>\n<p style=\"font-size:16px;\">Educar de maneira humanista \u00e9 promover a democratiza\u00e7\u00e3o do conhecimento com \u00eanfase no processo da aprendizagem inclusiva e na forma\u00e7\u00e3o para a vida. O objetivo deste encontro \u00e9 divulgar conhecimento cient\u00edfico no contexto da neuroeduca\u00e7\u00e3o, buscando aprimorar a forma\u00e7\u00e3o do indiv\u00edduo para o enfrentamento dos desafios socioeducativos e acad\u00eamicos.<\/p>\n<h1 style=\"color:#002244;font-size:32px;margin-bottom:10px;\">Convite para a 10\u00aa Edi\u00e7\u00e3o do Congresso de Neuroeduca\u00e7\u00e3o<\/h1>\n<p style=\"font-size:16px;\">\n    \u00c9 com grande alegria que convidamos voc\u00ea a participar da <strong>10\u00aa edi\u00e7\u00e3o do Congresso de Neuroeduca\u00e7\u00e3o<\/strong>, que acontecer\u00e1 no dia <strong>21 de agosto de 2025<\/strong>.\n  <\/p>\n<p style=\"font-size:16px;\">\n    Este evento foi cuidadosamente preparado com muito carinho, trazendo temas relevantes e atuais que impactam diretamente a rotina de professores, educadores e estudantes de gradua\u00e7\u00e3o.\n  <\/p>\n<p style=\"font-size:16px;\">\n    Venha ampliar seus conhecimentos, trocar experi\u00eancias e refletir sobre as novidades na \u00e1rea da neuroeduca\u00e7\u00e3o, contribuindo para uma pr\u00e1tica pedag\u00f3gica cada vez mais inovadora e transformadora.\n  <\/p>\n<p style=\"font-size:16px;\">\n    Voc\u00ea tamb\u00e9m \u00e9 convidado a <strong>submeter seus trabalhos e experi\u00eancias na forma de p\u00f4steres<\/strong>! Essa \u00e9 uma excelente oportunidade para compartilhar suas pr\u00e1ticas, estudos e projetos com a comunidade acad\u00eamica e educativa, promovendo troca de saberes e networking.\n  <\/p>\n<p style=\"font-size:16px;\">\n    Contamos com a sua presen\u00e7a e sua participa\u00e7\u00e3o ativa para fazer deste momento uma <strong>oportunidade \u00fanica de crescimento e troca de conhecimentos<\/strong>!\n  <\/p>\n<\/div>\n","protected":false},"excerpt":{"rendered":"<p>Bem-vindo ao NeuroEdu25 Educar de maneira humanista \u00e9 promover a democratiza\u00e7\u00e3o do conhecimento com \u00eanfase no processo da aprendizagem inclusiva e na forma\u00e7\u00e3o para a vida. O objetivo deste encontro&#8230;<\/p>\n","protected":false},"author":1,"featured_media":0,"parent":0,"menu_order":0,"comment_status":"closed","ping_status":"closed","template":"","meta":{"_kadence_starter_templates_imported_post":false,"_kad_post_transparent":"","_kad_post_title":"","_kad_post_layout":"","_kad_post_sidebar_id":"","_kad_post_content_style":"","_kad_post_vertical_padding":"","_kad_post_feature":"","_kad_post_feature_position":"","_kad_post_header":false,"_kad_post_footer":false,"footnotes":""},"class_list":["post-2","page","type-page","status-publish","hentry"],"_links":{"self":[{"href":"https:\/\/neuroedubrasil.com\/2025\/wp-json\/wp\/v2\/pages\/2","targetHints":{"allow":["GET"]}}],"collection":[{"href":"https:\/\/neuroedubrasil.com\/2025\/wp-json\/wp\/v2\/pages"}],"about":[{"href":"https:\/\/neuroedubrasil.com\/2025\/wp-json\/wp\/v2\/types\/page"}],"author":[{"embeddable":true,"href":"https:\/\/neuroedubrasil.com\/2025\/wp-json\/wp\/v2\/users\/1"}],"replies":[{"embeddable":true,"href":"https:\/\/neuroedubrasil.com\/2025\/wp-json\/wp\/v2\/comments?post=2"}],"version-history":[{"count":20,"href":"https:\/\/neuroedubrasil.com\/2025\/wp-json\/wp\/v2\/pages\/2\/revisions"}],"predecessor-version":[{"id":155,"href":"https:\/\/neuroedubrasil.com\/2025\/wp-json\/wp\/v2\/pages\/2\/revisions\/155"}],"wp:attachment":[{"href":"https:\/\/neuroedubrasil.com\/2025\/wp-json\/wp\/v2\/media?parent=2"}],"curies":[{"name":"wp","href":"https:\/\/api.w.org\/{rel}","templated":true}]}}

<div style="text-align:left;">   <span style="color:#fff; font-size:22px; line-height:1.4;">     Crenças em NeuroMitos e ferramentas de Inteligência artificial no combate à desinformação<br>     Efeitos de Uso de Mídia e Crise Climática no Neurodesenvolvimento e Aprendizagem   </span> </div>

<div style="width:100%;font-family:Arial,sans-serif;line-height:1.6;color:#333;padding:40px 20px;background-color:#f9f9f9;border-radius:8px;box-shadow:0 0 10px rgba(0,0,0,0.1);">
<h1 style="color:#002244;font-size:32px;margin-bottom:10px;">Bem-vindo ao NeuroEdu25</h1>
<p style="font-size:16px;">Educar de maneira humanista é promover a democratização do conhecimento com ênfase no processo da aprendizagem inclusiva e na formação para a vida. O objetivo deste encontro é divulgar conhecimento científico no contexto da neuroeducação, buscando aprimorar a formação do indivíduo para o enfrentamento dos desafios socioeducativos e acadêmicos.</p>
<h1 style="color:#002244;font-size:32px;margin-bottom:10px;">Convite para a 10ª Edição do Congresso de Neuroeducação</h1>
<p style="font-size:16px;">
    É com grande alegria que convidamos você a participar da <strong>10ª edição do Congresso de Neuroeducação</strong>, que acontecerá no dia <strong>21 de agosto de 2025</strong>.
  </p>
<p style="font-size:16px;">
    Este evento foi cuidadosamente preparado com muito carinho, trazendo temas relevantes e atuais que impactam diretamente a rotina de professores, educadores e estudantes de graduação.
  </p>
<p style="font-size:16px;">
    Venha ampliar seus conhecimentos, trocar experiências e refletir sobre as novidades na área da neuroeducação, contribuindo para uma prática pedagógica cada vez mais inovadora e transformadora.
  </p>
<p style="font-size:16px;">
    Você também é convidado a <strong>submeter seus trabalhos e experiências na forma de pôsteres</strong>! Essa é uma excelente oportunidade para compartilhar suas práticas, estudos e projetos com a comunidade acadêmica e educativa, promovendo troca de saberes e networking.
  </p>
<p style="font-size:16px;">
    Contamos com a sua presença e sua participação ativa para fazer deste momento uma <strong>oportunidade única de crescimento e troca de conhecimentos</strong>!
  </p>
</div>

<p>Bem-vindo ao NeuroEdu25 Educar de maneira humanista é promover a democratização do conhecimento com ênfase no processo da aprendizagem inclusiva e na formação para a vida. O objetivo deste encontro&#8230;</p>
